ivide 156139200?
True
Is 70 a factor of 4937770?
False
Is 254 a factor of 46782990?
True
Is 91418283 a multiple of 661?
True
Does 23 divide 43872109?
True
Is 132 a factor of 174825551?
False
Is 39 a factor of 558813684?
True
Is 92 a factor of 688426800?
True
Is 242 a factor of 17449168?
True
Is 30677957 a multiple of 100?
False
Does 230 divide 13137830?
True
Is 1929724039 a multiple of 1107?
False
Is 9781 a factor of 463065796?
False
Is 100 a factor of 623608?
False
Is 632 a factor of 30071824?
True
Is 7871 a factor of 1701088201?
False
Is 6542018 a multiple of 3478?
False
Is 208418364 a multiple of 483?
True
Does 26 divide 6474884?
True
Does 23 divide 221621238?
True
Is 11811707 a multiple of 1407?
False
Is 671 a factor of 123639802?
True
Is 458 a factor of 36349628?
True
Is 2382 a factor of 488481504?
True
Is 1248 a factor of 5645496?
False
Is 780 a factor of 1007526784?
False
Does 13 divide 38071501?
True
Does 8 divide 50000566?
False
Does 3294 divide 60664755?
False
Does 379 divide 534075430?
True
Is 739 a factor of 1284692380?
True
Does 3939 divide 166793528?
False
Is 413 a factor of 77076009?
False
Does 4237 divide 191851360?
True
Is 126453534 a multiple of 15?
False
Is 195668404 a multiple of 854?
False
Does 264 divide 57759504?
True
Is 46298556 a multiple of 7?
False
Is 33145358 a multiple of 4?
False
Is 61 a factor of 1681314330?
True
Is 1347 a factor of 105986960?
False
Is 2433497108 a multiple of 1204?
True
Does 30 divide 12117174?
False
Is 2516 a factor of 1010817387?
False
Is 12 a factor of 625295671?
False
Is 115 a factor of 1903330270?
True
Is 468047307 a multiple of 12?
False
Is 1218 a factor of 48857126?
False
Is 541 a factor of 42077898?
True
Is 36790836 a multiple of 12?
True
Is 2 a factor of 128753166?
True
Is 67 a factor of 55594527?
False
Is 17718592 a multiple of 77?
False
Does 6718 divide 441702488?
False
Is 46730970 a multiple of 55?
True
Is 3703128008 a multiple of 2175?
False
Is 34 a factor of 2435174928?
True
Is 598756345 a multiple of 11?
True
Does 45 divide 33461550?
True
Is 3290 a factor of 1411294334?
False
Is 1214386849 a multiple of 409?
True
Does 98 divide 1311419536?
True
Is 831331792 a multiple of 13036?
True
Does 901 divide 1208994423?
False
Does 1361 divide 3477355?
True
Does 2459 divide 414626744?
True
Does 24 divide 1674318912?
True
Is 46 a factor of 548878205?
False
Is 35 a factor of 524866630?
False
Is 308 a factor of 7131899?
False
Does 810 divide 2566529457?
False
Is 47686588 a multiple of 95?
False
Is 162920604 a multiple of 123?
False
Is 15 a factor of 6122796?
False
Does 1588 divide 95410728?
False
Is 3 a factor of 23053007?
False
Is 60994221 a multiple of 10?
False
Is 32 a factor of 28800863?
False
Does 939 divide 853396065?
True
Is 11 a factor of 2519258676?
True
Does 467 divide 442366684?
True
Is 96 a factor of 63721632?
True
Is 56478240 a multiple of 144?
True
Does 6 divide 5581505?
False
Is 1500 a factor of 191485500?
True
Is 10 a factor of 202819473?
False
Does 8 divide 9622216?
True
Does 109 divide 232986248?
False
Does 15 divide 173146669?
False
Is 200 a factor of 93414200?
True
Does 25 divide 6567672?
False
Is 34372824 a multiple of 258?
True
Is 985 a factor of 4241945840?
True
Does 7 divide 4097447?
False
Does 26 divide 4821636716?
True
Does 746 divide 146183922?
True
Does 97 divide 1193689081?
True
Does 868 divide 783567904?
True
Is 89679050 a multiple of 5?
True
Is 430472961 a multiple of 3?
True
Does 52 divide 95274816?
True
Is 52207400 a multiple of 5?
True
Does 40 divide 462935040?
True
Does 7 divide 29719604?
False
Does 66 divide 6799110?
False
Is 204 a factor of 560251926?
False
Does 598 divide 759962320?
True
Is 15136890 a multiple of 126?
False
Does 77 divide 6176567?
False
Does 6 divide 1241928?
True
Is 24 a factor of 49055424?
True
Is 55629075 a multiple of 652?
False
Is 243735078 a multiple of 114?
True
Is 239 a factor of 204015658?
True
Is 11362098 a multiple of 137?
False
Does 588 divide 50926680?
True
Is 434139740 a multiple of 76?
True
Is 9894417 a multiple of 13?
True
Is 32755008 a multiple of 624?
True
Is 24 a factor of 2128593?
False
Is 108 a factor of 703188?
True
Does 12 divide 11436547?
False
Is 80511130 a multiple of 785?
False
Is 59 a factor of 34693810?
False
Is 22 a factor of 1510601466?
True
Does 75 divide 546418950?
True
Does 855 divide 193123125?
True
Is 8 a factor of 118003606?
False
Does 49 divide 376537167?
False
Is 23806545 a multiple of 10?
False
Is 4350627764 a multiple of 2058?
False
Is 73 a factor of 1312394?
True
Is 122007088 a multiple of 7?
True
Is 466 a factor of 48488232?
True
Is 62 a factor of 4583824114?
True
Does 72 divide 17507364?
False
Is 885 a factor of 58829490?
True
Is 1066225894 a multiple of 2625?
False
Is 325 a factor of 343083325?
True
Is 435791124 a multiple of 17?
True
Does 6029 divide 843023119?
False
Is 24 a factor of 160268688?
True
Is 7 a factor of 539301?
True
Does 798 divide 111030528?
True
Is 275 a factor of 1699853650?
True
Does 13 divide 1084901415?
True
Is 5027 a factor of 425993007?
True
Is 227539667 a multiple of 15998?
False
Does 827 divide 603063940?
False
Does 1634 divide 162463718?
True
Does 270 divide 117593910?
True
Is 653762467 a multiple of 3759?
False
Is 10 a factor of 237879047?
False
Does 6 divide 21081016?
False
Is 16413975 a multiple of 675?
True
Does 115 divide 158964155?
True
Is 81542840 a multiple of 4?
True
Does 8 divide 49012792?
True
Is 47068616 a multiple of 341?
False
Does 6 divide 98949042?
True
Does 30 divide 245800590?
True
Is 279691178 a multiple of 149?
True
Does 55 divide 15929925?
True
Is 559525217 a multiple of 29?
True
Is 31 a factor of 133239556?
False
Is 116931943 a multiple of 91?
False
Is 1068497712 a multiple of 129?
True
Does 400 divide 25510518?
False
Does 809 divide 307410292?
True
Is 192 a factor of 134628480?
True
Does 153 divide 5260585778?
False
Is 1767 a factor of 485711193?
True
Is 963736 a multiple of 114?
False
Does 10 divide 3238641050?
True
Is 220154825 a multiple of 4568?
False
Is 21 a factor of 98687409?
False
Is 13 a factor of 498534062?
True
Is 1423 a factor of 28331908?
False
Does 430 divide 32549280?
True
Is 35 a factor of 361612475?
True
Is 107329116 a multiple of 149?
False
Does 9 divide 2222334?
True
Is 521 a factor of 4707219891?
True
Is 157426483 a multiple of 1047?
False
Is 263 a factor of 68997242?
False
Is 1170 a factor of 1860201789?
False
Is 305 a factor of 47678820?
True
Is 4371 a factor of 156857371?
False
Is 399390768 a multiple of 322?
True
Does 218 divide 195546?
True
Is 1568663180 a multiple of 561?
False
Is 12 a factor of 3586620588?
True
Does 40 divide 451089120?
True
Is 534 a factor of 858941348?
False
Is 2254625 a multiple of 16?
False
Is 158974035 a multiple of 15?
True
Does 10 divide 114667088?
False
Is 28531120 a multiple of 5?
True
Is 232 a factor of 72512296?
True
Is 335 a factor of 4268235?
True
Does 23 divide 171416716?
False
Is 203295312 a multiple of 4302?
True
Is 99 a factor of 74044278?
True
Is 886845132 a multiple of 6021?
True
Is 77 a factor of 1076928622?
True
Is 100176583 a multiple of 9?
False
Does 31 divide 65303577?
True
Does 32 divide 1121610816?
True
Is 81667443 a multiple of 308?
False
Is 118 a factor of 41900080?
False
Is 67178633 a multiple of 39?
False
Does 37 divide 48651152?
True
Is 142532200 a multiple of 470?
True
Is 127325954 a multiple of 14?
True
Is 64 a factor of 4374574?
False
Is 223 a factor of 349283281?
False
Is 414531168 a multiple of 1416?
True
Is 4502514431 a multiple of 31?
True
Is 1598491357 a multiple of 3374?
False
Does 20 divide 19926786?
False
Is 995616544 a multiple of 3656?
True
Is 176 a factor of 47381488?
True
Does 3884 divide 21657184?
True
Is 88234593 a multiple of 2674?
False
Is 540 a factor of 40624370?
False
Is 17097342 a multiple of 144?
False
Is 101001773 a multiple of 113?
True
Does 3849 divide 3852778864?
False
Is 5 a factor of 6753626?
False
Does 2 divide 44012597?
False
Does 10 divide 17606540?
True
Does 10 divide 10202330?
True
Is 6 a factor of 290451505?
False
Is 70866020 a multiple of 20?
True
Does 2003 divide 1508596481?
False
Is 34 a factor of 685424360?
True
Is 12980759 a multiple of 24?
False
Does 1055 divide 189575277?
False
Is 266 a factor of 2459240938?
False
Is 349618644 